s 193397177 a composite number?
False
Is 4133423 a composite number?
True
Is 26084821 a composite number?
True
Is 36760501 prime?
True
Is 1382448187 a prime number?
True
Is 11953237 a composite number?
True
Is 136590094 prime?
False
Is 1019955233 composite?
True
Is 569057 a prime number?
True
Is 28181393 prime?
False
Is 2257261 a prime number?
False
Is 65419121 prime?
True
Is 7330907 composite?
True
Is 2316961 composite?
False
Is 180098197 composite?
False
Is 413911 a prime number?
True
Is 1007513691 prime?
False
Is 65469949 a prime number?
False
Is 6876403 composite?
False
Is 4118243 a prime number?
True
Is 447067 composite?
False
Is 7068983 a prime number?
True
Is 7233406 a composite number?
True
Is 6424609 prime?
True
Is 49842365 a prime number?
False
Is 178606229 prime?
True
Is 8381237 composite?
False
Is 171291413 prime?
True
Is 2323747 a composite number?
True
Is 1471459 a prime number?
False
Is 8220682 a prime number?
False
Is 27353933 prime?
True
Is 2850013 composite?
False
Is 163292817 prime?
False
Is 8504887 prime?
True
Is 1488043 a prime number?
True
Is 149226049 a composite number?
True
Is 9520907 a composite number?
True
Is 329173561 a prime number?
True
Is 3808691 prime?
False
Is 3738479 prime?
True
Is 511033 a composite number?
False
Is 7491587 prime?
False
Is 100084807 composite?
True
Is 23502377 prime?
True
Is 22100023 prime?
False
Is 2753143 composite?
False
Is 2477191 prime?
False
Is 280686629 a composite number?
True
Is 1687129 a composite number?
False
Is 16522637 a prime number?
False
Is 80406593 a prime number?
True
Is 2179093 a composite number?
True
Is 5963869 a composite number?
False
Is 27747829 a composite number?
False
Is 179702983 composite?
False
Is 1194595 a composite number?
True
Is 6283051 a composite number?
False
Is 4833295 a composite number?
True
Is 338992957 prime?
True
Is 7240063 composite?
False
Is 504531359 a prime number?
True
Is 4821889 composite?
False
Is 66558907 a prime number?
True
Is 7410371 a prime number?
True
Is 29239 prime?
False
Is 57113003 a composite number?
True
Is 152309239 a composite number?
True
Is 342059 a prime number?
True
Is 23553263 a composite number?
True
Is 4880567 prime?
False
Is 62778883 prime?
True
Is 367646 a composite number?
True
Is 225112859 composite?
False
Is 684339 a composite number?
True
Is 13970531 a prime number?
True
Is 53209433 a prime number?
False
Is 1644839 prime?
False
Is 172259 composite?
False
Is 326095967 a composite number?
True
Is 12416731 prime?
False
Is 789817 a prime number?
False
Is 484391 composite?
True
Is 3735814 a prime number?
False
Is 157291399 a composite number?
False
Is 31622207 a prime number?
True
Is 2056139 a composite number?
False
Is 1187099 a composite number?
True
Is 206683 a prime number?
False
Is 410178667 a composite number?
False
Is 8225393 a prime number?
False
Is 415013 a composite number?
False
Is 21182377 a composite number?
False
Is 144790571 composite?
True
Is 2990423 a prime number?
True
Is 24622489 composite?
True
Is 4436449 composite?
True
Is 5581 composite?
False
Is 1329091 a prime number?
True
Is 4064821 a prime number?
False
Is 1483109 prime?
False
Is 20459657 composite?
True
Is 6753389 a prime number?
True
Is 43077043 prime?
True
Is 1889551 composite?
False
Is 122612131 prime?
False
Is 4297759 a composite number?
False
Is 2581571 prime?
False
Is 9459661 a prime number?
True
Is 860837 a prime number?
False
Is 2793851 a prime number?
False
Is 15522827 a prime number?
True
Is 115805647 prime?
True
Is 5656559 composite?
False
Is 15044131 a composite number?
False
Is 10337753 prime?
False
Is 42649031 prime?
False
Is 785537 a prime number?
True
Is 16352503 prime?
True
Is 37222643 a prime number?
True
Is 1072859 composite?
False
Is 1743317 prime?
True
Is 26888429 prime?
True
Is 106473 a composite number?
True
Is 19234121 a prime number?
False
Is 31606469 a composite number?
False
Is 183722593 a composite number?
False
Is 6696991 a prime number?
False
Is 406883 prime?
True
Is 1857181 a composite number?
True
Is 474382373 composite?
False
Is 24554429 a prime number?
True
Is 52367761 a prime number?
True
Is 447612521 composite?
False
Is 389690383 composite?
False
Is 13715831 a prime number?
False
Is 30005315 composite?
True
Is 315106271 a composite number?
True
Is 1840103 prime?
False
Is 299811983 a prime number?
False
Is 7413959 a prime number?
False
Is 150896609 a prime number?
True
Is 20538533 prime?
False
Is 82790063 prime?
True
Is 169457 prime?
True
Is 732611 a composite number?
True
Is 1938039 prime?
False
Is 64441226 composite?
True
Is 1991797 a prime number?
True
Is 1075831 a prime number?
False
Is 78288827 a composite number?
True
Is 1861751 prime?
True
Is 1002017 a composite number?
False
Is 1203115861 composite?
False
Is 154773629 a prime number?
True
Is 179103839 a composite number?
False
Is 1074239 a composite number?
True
Is 11740997 a prime number?
True
Is 114385283 prime?
False
Is 44004559 a composite number?
False
Is 36274922 composite?
True
Is 5463649 a composite number?
True
Is 142531471 composite?
False
Is 729093 composite?
True
Is 14630937 a prime number?
False
Is 1078178 prime?
False
Is 232567997 composite?
True
Is 4121603 prime?
True
Is 1337705 prime?
False
Is 250224311 prime?
False
Is 8641231 prime?
True
Is 94421 composite?
False
Is 408449161 prime?
False
Is 33362657 a prime number?
False
Is 324505109 composite?
False
Is 5371879 a prime number?
True
Is 43554353 a composite number?
True
Is 356077 composite?
False
Is 83095799 prime?
True
Is 138783769 a prime number?
True
Is 6219359 a composite number?
False
Is 790169 prime?
True
Is 296206961 prime?
True
Is 8128298 composite?
True
Is 285390461 a composite number?
False
Is 8447519 a prime number?
True
Is 4117903 composite?
False
Is 2066357 prime?
False
Is 108196527 composite?
True
Is 215827 composite?
False
Is 428081707 composite?
False
Is 84516527 prime?
False
Is 5560019 prime?
True
Is 1607869 prime?
False
Is 23276339 a prime number?
True
Is 50719233 a prime number?
False
Is 304796711 prime?
False
Is 16763779 composite?
True
Is 4231727 composite?
True
Is 34749943 composite?
False
Is 439252189 prime?
True
Is 93659179 a prime number?
True
Is 947799253 prime?
True
Is 189068293 a composite number?
False
Is 19867889 composite?
False
Is 24430039 prime?
False
Is 12614509 a prime number?
True
Is 233104259 a composite number?
False
Is 44437685 a composite number?
True
Is 48337 a composite number?
False
Is 3416821 prime?
False
Is 17266313 composite?
False
Is 16831573 a prime number?
False
Is 27393215 prime?
False
Is 2183389 composite?
True
Is 640775867 a prime number?
True
Is 16313963 a prime number?
True
Is 488963 composite?
True
Is 838127 composite?
True
Is 102070697 a composite number?
False
Is 1516085 prime?
False
Is 366161 a composite number?
False
Is 209497 a prime number?
True
Is 8150009 a composite number?
True
Is 427327 a prime number?
True
Is 60530957 composite?
False
Is 14050255 composite?
True
Is 111718653 prime?
False
Is 24903077 a composite number?
False
Is 1531987 composite?
False
Is 3403243 a composite number?
True
Is 529847 prime?
True
Is 32902069 a composite number?
False
Is 14566159 a composite number?
False
Is 37545089 a composite number?
True
Is 2192215 composite?
True
Is 30729733 composite?
False
Is 11158013 a prime number?
False
Is 15760453 prime?
True
Is 24903511 a composite number?
False
Is 549293 a prime number?
False
Is 2315861 a prime number?
True
Is 26449667 composite?
False
Is 248841017 composite?
True
Is 10231141 composite?
True
Is 1562130827 a composite number?
True
Is 1721633 a prime number?
True
Is 4275071 composite?
True
Is 68543259 composite?
True
Is 69239019 a composite number?
True
Is 329069567 composite?
True
Is 10678223 a prime number?
False
Is 124508347 composite?
False
Is 70622527 composite?
True
Is 376729 a prime number?
True
Is 59215591 a composite number?
False
Is 5972797 composite?
True
Is 36214331 a prime number?
False
Is 284029 a prime number?
False
Is 62272237 composite?
False
Is 9032003 a composite number?
False
Is 774937 a prime number?
False
Is 3881571 prime?
False
Is 47932879 a composite number?
True
Is 58636619 composite?
True
Is 131568001 a prime number?
True
Is 129538819 a composite number?
True
Is 25144